{"id":199,"date":"2019-09-05T14:50:15","date_gmt":"2019-09-05T12:50:15","guid":{"rendered":"https:\/\/laszlo1713.lima-city.de\/?page_id=199"},"modified":"2023-02-14T14:04:41","modified_gmt":"2023-02-14T13:04:41","slug":"irodalomtorteneti-irasok","status":"publish","type":"page","link":"https:\/\/laszlo1713.lima-city.de\/index.php\/irodalomtorteneti-irasok\/","title":{"rendered":"Irodalomt\u00f6rt\u00e9neti  \u00edr\u00e1sok"},"content":{"rendered":"\n<div class=\"wp-block-file\"><a id=\"wp-block-file--media-66005af2-a461-41bc-947f-031e919729d5\" href=\"https:\/\/laszlo1713.lima-city.de\/wp-content\/uploads\/2019\/09\/\u00d3nodi-Kass\u00e1k-a-pr\u00f3za\u00edr\u00f3-1945-1975.pdf\">\u00d3nodi Kass\u00e1k, a pr\u00f3za\u00edr\u00f3 1945-1975<\/a><a href=\"https:\/\/laszlo1713.lima-city.de\/wp-content\/uploads\/2019\/09\/\u00d3nodi-Kass\u00e1k-a-pr\u00f3za\u00edr\u00f3-1945-1975.pdf\" class=\"wp-block-file__button wp-element-button\" download aria-describedby=\"wp-block-file--media-66005af2-a461-41bc-947f-031e919729d5\">Download<\/a><\/div>\n\n\n\n<div class=\"wp-block-file\"><a id=\"wp-block-file--media-c31bfd1b-548f-434b-9d56-4f72d79edf68\" href=\"https:\/\/laszlo1713.lima-city.de\/wp-content\/uploads\/2019\/09\/\u00d3nodi-Granaszt\u00f3i-P\u00e1l.pdf\">\u00d3nodi Granaszt\u00f3i P\u00e1l<\/a><a href=\"https:\/\/laszlo1713.lima-city.de\/wp-content\/uploads\/2019\/09\/\u00d3nodi-Granaszt\u00f3i-P\u00e1l.pdf\" class=\"wp-block-file__button wp-element-button\" download aria-describedby=\"wp-block-file--media-c31bfd1b-548f-434b-9d56-4f72d79edf68\">Download<\/a><\/div>\n\n\n\n<div class=\"wp-block-file\"><a id=\"wp-block-file--media-f01e6c7a-fc53-40d0-948a-639d4ce6c62a\" href=\"https:\/\/laszlo1713.lima-city.de\/wp-content\/uploads\/2019\/09\/\u00d3nodi-Die-Sezession-beim-jungen-Hofmannstahl-und-Rilke-bzw.-Babits-und-Kosztol\u00e1nyi.pdf\">\u00d3nodi Die Sezession beim jungen Hofmannstahl und Rilke bzw. Babits und Kosztol\u00e1nyi<\/a><a href=\"https:\/\/laszlo1713.lima-city.de\/wp-content\/uploads\/2019\/09\/\u00d3nodi-Die-Sezession-beim-jungen-Hofmannstahl-und-Rilke-bzw.-Babits-und-Kosztol\u00e1nyi.pdf\" class=\"wp-block-file__button wp-element-button\" download aria-describedby=\"wp-block-file--media-f01e6c7a-fc53-40d0-948a-639d4ce6c62a\">Download<\/a><\/div>\n\n\n\n<div class=\"wp-block-file\"><a id=\"wp-block-file--media-c8b504c5-1da0-46c5-8b85-24ca385cf5d1\" href=\"https:\/\/laszlo1713.lima-city.de\/wp-content\/uploads\/2019\/09\/\u00d3nodi-Boldizs\u00e1r-Iv\u00e1n.pdf\">\u00d3nodi Boldizs\u00e1r Iv\u00e1n<\/a><a href=\"https:\/\/laszlo1713.lima-city.de\/wp-content\/uploads\/2019\/09\/\u00d3nodi-Boldizs\u00e1r-Iv\u00e1n.pdf\" class=\"wp-block-file__button wp-element-button\" download aria-describedby=\"wp-block-file--media-c8b504c5-1da0-46c5-8b85-24ca385cf5d1\">Download<\/a><\/div>\n\n\n\n<div class=\"wp-block-file\"><a id=\"wp-block-file--media-e224ff1b-06d8-4a71-9cee-dff747341040\" href=\"https:\/\/laszlo1713.lima-city.de\/wp-content\/uploads\/2019\/09\/\u00d3nodi-Bern\u00e1th-Aur\u00e9l.pdf\">\u00d3nodi Bern\u00e1th Aur\u00e9l<\/a><a href=\"https:\/\/laszlo1713.lima-city.de\/wp-content\/uploads\/2019\/09\/\u00d3nodi-Bern\u00e1th-Aur\u00e9l.pdf\" class=\"wp-block-file__button wp-element-button\" download aria-describedby=\"wp-block-file--media-e224ff1b-06d8-4a71-9cee-dff747341040\">Download<\/a><\/div>\n\n\n\n<div class=\"wp-block-file\"><a id=\"wp-block-file--media-05ec7d51-fb6b-4049-90c6-091e3c012382\" href=\"https:\/\/laszlo1713.lima-city.de\/wp-content\/uploads\/2019\/09\/\u00d3nodi-Sz\u00e9chenyi-Zsigmond.pdf\">\u00d3nodi Sz\u00e9chenyi Zsigmond<\/a><a href=\"https:\/\/laszlo1713.lima-city.de\/wp-content\/uploads\/2019\/09\/\u00d3nodi-Sz\u00e9chenyi-Zsigmond.pdf\" class=\"wp-block-file__button wp-element-button\" download aria-describedby=\"wp-block-file--media-05ec7d51-fb6b-4049-90c6-091e3c012382\">Download<\/a><\/div>\n\n\n\n<div class=\"wp-block-file\"><a id=\"wp-block-file--media-dbc0f650-5779-4b95-8bec-ecc0c1856704\" href=\"https:\/\/laszlo1713.lima-city.de\/wp-content\/uploads\/2019\/09\/\u00d3nodi-Galsai-Pongr\u00e1c.pdf\">\u00d3nodi Galsai Pongr\u00e1c<\/a><a href=\"https:\/\/laszlo1713.lima-city.de\/wp-content\/uploads\/2019\/09\/\u00d3nodi-Galsai-Pongr\u00e1c.pdf\" class=\"wp-block-file__button wp-element-button\" download aria-describedby=\"wp-block-file--media-dbc0f650-5779-4b95-8bec-ecc0c1856704\">Download<\/a><\/div>\n\n\n\n<div class=\"wp-block-file\"><a id=\"wp-block-file--media-edf35959-7c0d-4915-98fe-88898b7f310d\" href=\"https:\/\/laszlo1713.lima-city.de\/wp-content\/uploads\/2019\/09\/\u00d3nodi-Simonffy-Andr\u00e1s.pdf\">\u00d3nodi Simonffy Andr\u00e1s<\/a><a href=\"https:\/\/laszlo1713.lima-city.de\/wp-content\/uploads\/2019\/09\/\u00d3nodi-Simonffy-Andr\u00e1s.pdf\" class=\"wp-block-file__button wp-element-button\" download aria-describedby=\"wp-block-file--media-edf35959-7c0d-4915-98fe-88898b7f310d\">Download<\/a><\/div>\n\n\n\n<div class=\"wp-block-file\"><a id=\"wp-block-file--media-c60c8086-d176-4a73-aacb-4fb3491ce09a\" href=\"https:\/\/laszlo1713.lima-city.de\/wp-content\/uploads\/2019\/09\/\u00d3nodi-Keszi-Imre.pdf\">\u00d3nodi Keszi Imre<\/a><a href=\"https:\/\/laszlo1713.lima-city.de\/wp-content\/uploads\/2019\/09\/\u00d3nodi-Keszi-Imre.pdf\" class=\"wp-block-file__button wp-element-button\" download aria-describedby=\"wp-block-file--media-c60c8086-d176-4a73-aacb-4fb3491ce09a\">Download<\/a><\/div>\n\n\n\n<div class=\"wp-block-file\"><a id=\"wp-block-file--media-8ec4ffde-7ba8-4a25-ba3e-4b08fb7a2f44\" href=\"https:\/\/laszlo1713.lima-city.de\/wp-content\/uploads\/2019\/09\/\u00d3nodi-Die-Psychoanalyse-in-der-ungarischen-Literatur.pdf\">\u00d3nodi Die Psychoanalyse in der ungarischen Literatur<\/a><a href=\"https:\/\/laszlo1713.lima-city.de\/wp-content\/uploads\/2019\/09\/\u00d3nodi-Die-Psychoanalyse-in-der-ungarischen-Literatur.pdf\" class=\"wp-block-file__button wp-element-button\" download aria-describedby=\"wp-block-file--media-8ec4ffde-7ba8-4a25-ba3e-4b08fb7a2f44\">Download<\/a><\/div>\n\n\n\n<div class=\"wp-block-file\"><a id=\"wp-block-file--media-895c3e6d-ad68-4c00-9b3c-8a2d9505ac12\" href=\"https:\/\/laszlo1713.lima-city.de\/wp-content\/uploads\/2019\/09\/\u00d3nodi-Das-Ethische-als-Bildungsziel.pdf\">\u00d3nodi Das Ethische als Bildungsziel<\/a><a href=\"https:\/\/laszlo1713.lima-city.de\/wp-content\/uploads\/2019\/09\/\u00d3nodi-Das-Ethische-als-Bildungsziel.pdf\" class=\"wp-block-file__button wp-element-button\" download aria-describedby=\"wp-block-file--media-895c3e6d-ad68-4c00-9b3c-8a2d9505ac12\">Download<\/a><\/div>\n\n\n\n<div class=\"wp-block-file\"><a id=\"wp-block-file--media-73791dfb-82c1-47ba-915c-50bc4c506973\" href=\"https:\/\/laszlo1713.lima-city.de\/wp-content\/uploads\/2019\/09\/\u00d3nodi-Magyar-Imre.pdf\">\u00d3nodi Magyar Imre<\/a><a href=\"https:\/\/laszlo1713.lima-city.de\/wp-content\/uploads\/2019\/09\/\u00d3nodi-Magyar-Imre.pdf\" class=\"wp-block-file__button wp-element-button\" download aria-describedby=\"wp-block-file--media-73791dfb-82c1-47ba-915c-50bc4c506973\">Download<\/a><\/div>\n\n\n\n<div class=\"wp-block-file\"><a id=\"wp-block-file--media-8939a811-15cc-4cb6-82f0-f63dcf7c72c4\" href=\"https:\/\/laszlo1713.lima-city.de\/wp-content\/uploads\/2019\/09\/\u00d3nodi-Abody-B\u00e9la.pdf\">\u00d3nodi Abody B\u00e9la<\/a><a href=\"https:\/\/laszlo1713.lima-city.de\/wp-content\/uploads\/2019\/09\/\u00d3nodi-Abody-B\u00e9la.pdf\" class=\"wp-block-file__button wp-element-button\" download aria-describedby=\"wp-block-file--media-8939a811-15cc-4cb6-82f0-f63dcf7c72c4\">Download<\/a><\/div>\n\n\n\n<div class=\"wp-block-file\"><a id=\"wp-block-file--media-cf3868b7-e61f-43bc-b5ed-5f18aa0a6fb8\" href=\"https:\/\/laszlo1713.lima-city.de\/wp-content\/uploads\/2019\/09\/\u00d3nodi-Fekete-Gyula.pdf\">\u00d3nodi Fekete Gyula<\/a><a href=\"https:\/\/laszlo1713.lima-city.de\/wp-content\/uploads\/2019\/09\/\u00d3nodi-Fekete-Gyula.pdf\" class=\"wp-block-file__button wp-element-button\" download aria-describedby=\"wp-block-file--media-cf3868b7-e61f-43bc-b5ed-5f18aa0a6fb8\">Download<\/a><\/div>\n\n\n\n<div class=\"wp-block-file\"><a id=\"wp-block-file--media-2629aac6-cf8b-4d5d-bb68-012f249556ca\" href=\"https:\/\/laszlo1713.lima-city.de\/wp-content\/uploads\/2019\/09\/\u00d3nodi-Zsolt-B\u00e9la.pdf\">\u00d3nodi Zsolt B\u00e9la<\/a><a href=\"https:\/\/laszlo1713.lima-city.de\/wp-content\/uploads\/2019\/09\/\u00d3nodi-Zsolt-B\u00e9la.pdf\" class=\"wp-block-file__button wp-element-button\" download aria-describedby=\"wp-block-file--media-2629aac6-cf8b-4d5d-bb68-012f249556ca\">Download<\/a><\/div>\n\n\n\n<div class=\"wp-block-file\"><a id=\"wp-block-file--media-5cb5cfe1-a210-4ec6-8717-ea148a2ca830\" href=\"https:\/\/laszlo1713.lima-city.de\/wp-content\/uploads\/2019\/09\/\u00d3nodi-Einige-Aspekte-der-\u00f6sterreichischen-und-ungarischen-Literatur-um-die-letzte-Jahrhundertwende.pdf\">\u00d3nodi Einige Aspekte der \u00f6sterreichischen und ungarischen Literatur um die letzte Jahrhundertwende<\/a><a href=\"https:\/\/laszlo1713.lima-city.de\/wp-content\/uploads\/2019\/09\/\u00d3nodi-Einige-Aspekte-der-\u00f6sterreichischen-und-ungarischen-Literatur-um-die-letzte-Jahrhundertwende.pdf\" class=\"wp-block-file__button wp-element-button\" download aria-describedby=\"wp-block-file--media-5cb5cfe1-a210-4ec6-8717-ea148a2ca830\">Download<\/a><\/div>\n\n\n\n<div class=\"wp-block-file\"><a id=\"wp-block-file--media-5c5e3158-ea00-4865-841b-e61ae726591e\" href=\"https:\/\/laszlo1713.lima-city.de\/wp-content\/uploads\/2019\/09\/\u00d3nodi-Textualit\u00e4t-und-Dialogizit\u00e4t.pdf\">\u00d3nodi Textualit\u00e4t und Dialogizit\u00e4t<\/a><a href=\"https:\/\/laszlo1713.lima-city.de\/wp-content\/uploads\/2019\/09\/\u00d3nodi-Textualit\u00e4t-und-Dialogizit\u00e4t.pdf\" class=\"wp-block-file__button wp-element-button\" download aria-describedby=\"wp-block-file--media-5c5e3158-ea00-4865-841b-e61ae726591e\">Download<\/a><\/div>\n\n\n\n<div class=\"wp-block-file\"><a id=\"wp-block-file--media-10c15c74-4d81-4a83-87df-a3a63f639eb0\" href=\"https:\/\/laszlo1713.lima-city.de\/wp-content\/uploads\/2019\/09\/\u00d3nodi-Benedek-Istv\u00e1n.pdf\">\u00d3nodi Benedek Istv\u00e1n<\/a><a href=\"https:\/\/laszlo1713.lima-city.de\/wp-content\/uploads\/2019\/09\/\u00d3nodi-Benedek-Istv\u00e1n.pdf\" class=\"wp-block-file__button wp-element-button\" download aria-describedby=\"wp-block-file--media-10c15c74-4d81-4a83-87df-a3a63f639eb0\">Download<\/a><\/div>\n\n\n\n<div class=\"wp-block-file\"><a id=\"wp-block-file--media-162868d6-c203-4e98-8e0f-9e46edd09955\" href=\"https:\/\/laszlo1713.lima-city.de\/wp-content\/uploads\/2019\/09\/\u00d3nodi-Helikon-recenzi\u00f3.pdf\">\u00d3nodi Helikon-recenzi\u00f3<\/a><a href=\"https:\/\/laszlo1713.lima-city.de\/wp-content\/uploads\/2019\/09\/\u00d3nodi-Helikon-recenzi\u00f3.pdf\" class=\"wp-block-file__button wp-element-button\" download aria-describedby=\"wp-block-file--media-162868d6-c203-4e98-8e0f-9e46edd09955\">Download<\/a><\/div>\n\n\n\n<div class=\"wp-block-file\"><a id=\"wp-block-file--media-c6aa4a1d-b062-4103-a390-f107ee128a7e\" href=\"https:\/\/laszlo1713.lima-city.de\/wp-content\/uploads\/2019\/09\/\u00d3nodi-M\u00e1rai-\u00e9s-a-hagyom\u00e1ny.pdf\">\u00d3nodi M\u00e1rai \u00e9s a hagyom\u00e1ny<\/a><a href=\"https:\/\/laszlo1713.lima-city.de\/wp-content\/uploads\/2019\/09\/\u00d3nodi-M\u00e1rai-\u00e9s-a-hagyom\u00e1ny.pdf\" class=\"wp-block-file__button wp-element-button\" download aria-describedby=\"wp-block-file--media-c6aa4a1d-b062-4103-a390-f107ee128a7e\">Download<\/a><\/div>\n\n\n\n<div class=\"wp-block-file\"><a id=\"wp-block-file--media-7842f41b-5100-4a21-8bac-603d3d6527ea\" href=\"https:\/\/laszlo1713.lima-city.de\/wp-content\/uploads\/2019\/09\/Rom\u00e1n-Gy\u00f6rgy.pdf\">\u00d3nodi Rom\u00e1n Gy\u00f6rgy<\/a><a href=\"https:\/\/laszlo1713.lima-city.de\/wp-content\/uploads\/2019\/09\/Rom\u00e1n-Gy\u00f6rgy.pdf\" class=\"wp-block-file__button wp-element-button\" download aria-describedby=\"wp-block-file--media-7842f41b-5100-4a21-8bac-603d3d6527ea\">Download<\/a><\/div>\n\n\n\n<div class=\"wp-block-file\"><a id=\"wp-block-file--media-57aaccb6-2de3-4e65-b65e-fa4bd8226920\" href=\"https:\/\/laszlo1713.lima-city.de\/wp-content\/uploads\/2019\/09\/Simonffy-Andr\u00e1s-.pdf\">\u00d3nodi Simonffy Andr\u00e1s<\/a><a href=\"https:\/\/laszlo1713.lima-city.de\/wp-content\/uploads\/2019\/09\/Simonffy-Andr\u00e1s-.pdf\" class=\"wp-block-file__button wp-element-button\" download aria-describedby=\"wp-block-file--media-57aaccb6-2de3-4e65-b65e-fa4bd8226920\">Download<\/a><\/div>\n\n\n\n<div class=\"wp-block-file\"><a id=\"wp-block-file--media-668cf5e0-5b3c-48bb-a3bb-7dfeeef2b8ef\" href=\"https:\/\/laszlo1713.lima-city.de\/wp-content\/uploads\/2019\/09\/Abody-B\u00e9la.pdf\">\u00d3nodi Abody B\u00e9la<\/a><a href=\"https:\/\/laszlo1713.lima-city.de\/wp-content\/uploads\/2019\/09\/Abody-B\u00e9la.pdf\" class=\"wp-block-file__button wp-element-button\" download aria-describedby=\"wp-block-file--media-668cf5e0-5b3c-48bb-a3bb-7dfeeef2b8ef\">Download<\/a><\/div>\n\n\n\n<div class=\"wp-block-file\"><a id=\"wp-block-file--media-7c81ca40-120a-47e2-91ee-7cbf1f9cf6ea\" href=\"https:\/\/laszlo1713.lima-city.de\/wp-content\/uploads\/2019\/09\/Granaszt\u00f3i-P\u00e1l-.pdf\">\u00d3nodi Granaszt\u00f3i P\u00e1l<\/a><a href=\"https:\/\/laszlo1713.lima-city.de\/wp-content\/uploads\/2019\/09\/Granaszt\u00f3i-P\u00e1l-.pdf\" class=\"wp-block-file__button wp-element-button\" download aria-describedby=\"wp-block-file--media-7c81ca40-120a-47e2-91ee-7cbf1f9cf6ea\">Download<\/a><\/div>\n\n\n\n<div class=\"wp-block-file\"><a id=\"wp-block-file--media-02b4d4e3-5264-4e01-9d27-fa0aad90b161\" href=\"https:\/\/laszlo1713.lima-city.de\/wp-content\/uploads\/2019\/09\/Fekete-Gyula.pdf\">\u00d3nodi Fekete Gyula<\/a><a href=\"https:\/\/laszlo1713.lima-city.de\/wp-content\/uploads\/2019\/09\/Fekete-Gyula.pdf\" class=\"wp-block-file__button wp-element-button\" download aria-describedby=\"wp-block-file--media-02b4d4e3-5264-4e01-9d27-fa0aad90b161\">Download<\/a><\/div>\n\n\n\n<div class=\"wp-block-file\"><a id=\"wp-block-file--media-2efe4e5a-ba2a-4b21-96ce-64bec0d1adca\" href=\"https:\/\/laszlo1713.lima-city.de\/wp-content\/uploads\/2019\/09\/Die-Rezeption-der-deutschen-Literatur-in-Ungarn-Teil.pdf\">\u00d3nodi Die Rezeption der deutschen Literatur in Ungarn (Teil)<\/a><a href=\"https:\/\/laszlo1713.lima-city.de\/wp-content\/uploads\/2019\/09\/Die-Rezeption-der-deutschen-Literatur-in-Ungarn-Teil.pdf\" class=\"wp-block-file__button wp-element-button\" download aria-describedby=\"wp-block-file--media-2efe4e5a-ba2a-4b21-96ce-64bec0d1adca\">Download<\/a><\/div>\n\n\n\n<div class=\"wp-block-file\"><a id=\"wp-block-file--media-f52b34fe-8a88-4e8e-a159-4f6b1965c357\" href=\"https:\/\/laszlo1713.lima-city.de\/wp-content\/uploads\/2019\/09\/\u00d3nodi-A-magyar-irodalom-t\u00f6rt\u00e9nete-1945\u20131975-A-n\u00e9met-l\u00edra.pdf\">\u00d3nodi (A magyar irodalom t\u00f6rt\u00e9nete 1945\u20131975) A n\u00e9met l\u00edra<\/a><a href=\"https:\/\/laszlo1713.lima-city.de\/wp-content\/uploads\/2019\/09\/\u00d3nodi-A-magyar-irodalom-t\u00f6rt\u00e9nete-1945\u20131975-A-n\u00e9met-l\u00edra.pdf\" class=\"wp-block-file__button wp-element-button\" download aria-describedby=\"wp-block-file--media-f52b34fe-8a88-4e8e-a159-4f6b1965c357\">Download<\/a><\/div>\n\n\n\n<hr class=\"wp-block-separator has-alpha-channel-opacity\"\/>\n\n\n\n<hr class=\"wp-block-separator has-alpha-channel-opacity\"\/>\n\n\n\n<hr class=\"wp-block-separator has-alpha-channel-opacity\"\/>\n\n\n\n<p><mark style=\"background-color:rgba(0, 0, 0, 0)\" class=\"has-inline-color has-vivid-green-cyan-color\">(A portr\u00e9k eredetileg (B\u00e9l\u00e1di Mikl\u00f3ssal meg\u00e1llapodva) <em><strong>A magyar irodalom t\u00f6rt\u00e9nete 1945-1975<\/strong><\/em> c. k\u00f6tetbe k\u00e9sz\u00fcltek, k\u00e9s\u0151bb viszont R\u00f3nay L\u00e1szl\u00f3 kivette \u00e9s \u00fajra \u00edrta ill. \u00edratta m\u00e1ssal (m\u00e1sokkal). <em><strong>A n\u00e9met l\u00edra<\/strong><\/em> c. \u00edr\u00e1som viszont (gondolom, nem voltak felk\u00e9sz\u00fclve r\u00e1, hogy \u00fajra \u00edrj\u00e1k) &#8220;munkak\u00f6z\u00f6ss\u00e9g&#8221; szerz\u0151i c\u00edmen jelent meg. \u00c9rdekes, hogy mennyit &#8220;csavartak&#8221; a dolgokon pl. Boldizs\u00e1r eset\u00e9ben. Legyen R\u00f3nay\u00e9k lelke rajta.)<\/mark><\/p>\n","protected":false},"excerpt":{"rendered":"<p>(A portr\u00e9k eredetileg (B\u00e9l\u00e1di Mikl\u00f3ssal meg\u00e1llapodva) A magyar irodalom t\u00f6rt\u00e9nete 1945-1975 c. k\u00f6tetbe k\u00e9sz\u00fcltek, k\u00e9s\u0151bb viszont R\u00f3nay L\u00e1szl\u00f3 kivette \u00e9s \u00fajra \u00edrta ill. \u00edratta m\u00e1ssal (m\u00e1sokkal). A n\u00e9met l\u00edra c. \u00edr\u00e1som viszont (gondolom, nem voltak felk\u00e9sz\u00fclve r\u00e1, hogy \u00fajra \u00edrj\u00e1k) &#8220;munkak\u00f6z\u00f6ss\u00e9g&#8221; szerz\u0151i c\u00edmen jelent meg. \u00c9rdekes, hogy mennyit &#8220;csavartak&#8221; a dolgokon pl. Boldizs\u00e1r eset\u00e9ben. Legyen &hellip; <\/p>\n<p class=\"link-more\"><a href=\"https:\/\/laszlo1713.lima-city.de\/index.php\/irodalomtorteneti-irasok\/\" class=\"more-link\">Continue reading<span class=\"screen-reader-text\"> &#8220;Irodalomt\u00f6rt\u00e9neti  \u00edr\u00e1sok&#8221;<\/span><\/a><\/p>\n","protected":false},"author":1,"featured_media":0,"parent":0,"menu_order":0,"comment_status":"closed","ping_status":"closed","template":"","meta":{"footnotes":""},"class_list":["post-199","page","type-page","status-publish","hentry"],"_links":{"self":[{"href":"https:\/\/laszlo1713.lima-city.de\/index.php\/wp-json\/wp\/v2\/pages\/199","targetHints":{"allow":["GET"]}}],"collection":[{"href":"https:\/\/laszlo1713.lima-city.de\/index.php\/wp-json\/wp\/v2\/pages"}],"about":[{"href":"https:\/\/laszlo1713.lima-city.de\/index.php\/wp-json\/wp\/v2\/types\/page"}],"author":[{"embeddable":true,"href":"https:\/\/laszlo1713.lima-city.de\/index.php\/wp-json\/wp\/v2\/users\/1"}],"replies":[{"embeddable":true,"href":"https:\/\/laszlo1713.lima-city.de\/index.php\/wp-json\/wp\/v2\/comments?post=199"}],"version-history":[{"count":7,"href":"https:\/\/laszlo1713.lima-city.de\/index.php\/wp-json\/wp\/v2\/pages\/199\/revisions"}],"predecessor-version":[{"id":8715,"href":"https:\/\/laszlo1713.lima-city.de\/index.php\/wp-json\/wp\/v2\/pages\/199\/revisions\/8715"}],"wp:attachment":[{"href":"https:\/\/laszlo1713.lima-city.de\/index.php\/wp-json\/wp\/v2\/media?parent=199"}],"curies":[{"name":"wp","href":"https:\/\/api.w.org\/{rel}","templated":true}]}}